uppose 5*k = -3*c + 10386, 4*k - q = -5*c + 15612. Is c a prime number?
True
Let x be (2 + -6 + 5)/(2/9678). Let g = -1022 + x. Is g composite?
True
Let y = 11089 - -4968. Is y a composite number?
False
Suppose 9*z + 5*z - 8*z = 3057510. Is z a prime number?
False
Let q(o) = 892*o**2 - 81*o - 6720. Is q(-55) a prime number?
False
Let v(y) = 2150*y**2 + 3*y + 13. Let m be v(3). Let o = -5387 + m. Is o composite?
True
Is 178626/105*(-100)/(-8) a prime number?
False
Let r = 962923 + -560252. Is r a composite number?
True
Suppose -3*g = 2*c - 2416 - 2631, -5*g = 3*c - 8410. Let x = 4978 - g. Is x composite?
False
Let j = 450 + -446. Suppose -8*r + 15318 = 2*g - j*r, -2*g + 15333 = r. Is g a prime number?
True
Is (6 - (-100)/(-20))*548585 prime?
False
Let i = 138767 + -62568. Is i a composite number?
True
Let x(p) = 31*p - 17 - 26 + 73*p. Let y be 13/(156/(-8)) - 46/(-6). Is x(y) a prime number?
False
Let l be (-4)/(-12) + 32/12. Suppose 4*o = -l*a + 527, 4*a = -o + 511 + 209. Is a prime?
True
Let p = 413 + -229. Suppose p*t + 10334 = 185*t. Is t prime?
False
Let m(k) = -8*k + 9*k - 2*k**3 + 4*k**3 + 16*k**2 - 8. Let p be m(-8). Is (-332)/p - -2 - 1/(-4) composite?
False
Suppose 16*r = 12 + 52. Suppose -2*t + 10193 = -r*u - 3977, 4*u - 35383 = -5*t. Is t prime?
True
Suppose 0 = -i - 4*o + 19533, 3588 = -3*i + 6*o + 62277. Is i prime?
True
Let n(o) = o**2 - o + 1. Let z be n(3). Suppose y = -l + 7, 0*y = 5*l - 2*y - z. Suppose l*v + 3725 = 8*v. Is v composite?
True
Suppose 2*y + 0*y = -2*t + 20, -3*t - 2*y = -27. Suppose -2*d + 81 = t. Is d a prime number?
True
Let w(l) = 7*l - 28. Let f be w(2). Is ((-8402)/4)/(10 + 147/f) a prime number?
True
Let t(w) = 98*w**3 - 37*w**2 + 250*w + 36. Is t(11) a composite number?
False
Let s(y) = 26*y**2 + 74*y + 81. Is s(79) composite?
False
Suppose -30 = -2*g - 3*t, -g + 20 = -5*g + 4*t. Let l(j) = 90*j**2 - 13 + 19*j**2 - j**2 + 5*j. Is l(g) a composite number?
True
Let y(b) = -206*b**3 - 18*b**2 - 134*b - 29. Is y(-11) composite?
True
Let m(v) = 371*v - 5 - 580*v - 3 - 54. Is m(-25) prime?
False
Suppose 0 = -3*b, -3*n = -5*b - 10 + 7. Is ((-396081)/(-105))/((-3)/(-10)*n) composite?
True
Suppose 2*j - 6*j + 221792 = 5*o, -3*o - 277203 = -5*j. Is j a prime number?
False
Let m(p) = -p**3 - 19*p**2 - 47*p - 6. Let c be m(-16). Is 5981/((-50)/(-325) - c/26) prime?
True
Let x = -1137722 - -1597135. Is x prime?
False
Let f(x) be the second derivative of 3*x**4/4 + 11*x**3/6 + 195*x**2/2 - 13*x - 3. Is f(32) a prime number?
False
Suppose -490634 = -4*w - 5*c, w + 4*c - 20404 - 102271 = 0. Is w a prime number?
True
Let u(s) be the third derivative of s**5/60 + 13*s**4/24 - 17*s**3/6 + 15*s**2. Let h be u(-14). Let q(w) = 101*w**2 - 3*w - 5. Is q(h) composite?
True
Let p(m) = 17*m**3 - 34*m**2 - 76*m - 26. Is p(21) composite?
True
Suppose 88 = 4*j + 8. Let s(f) = 4*f + 35. Let i be s(j). Let l = -94 + i. Is l a composite number?
True
Let q = 177055 - 16554. Is q prime?
False
Let z(f) = -f - 14. Let u be z(-13). Let l be (2/(-6))/(2 + u)*-6. Is l*2/(-12)*-1893 composite?
False
Let q(i) = 924*i**2 + 13*i + 13. Let z be q(-5). Let l = z + -10401. Is l composite?
False
Suppose -3*q = -3*u + 402987, 22*u + 4*q = 27*u - 671643. Is u prime?
True
Is (-2245480)/(-50) - 18/30 composite?
False
Suppose 2*t = -8, 5*x + 3*t + t - 1739 = 0. Let j = x + -138. Is j a prime number?
False
Suppose -12 = -58*d + 54*d. Suppose r - d*q - 8305 = 0, 3*r - 4*r + 8329 = 3*q. Is r composite?
False
Let s(m) = 3*m + 35. Let y be s(-11). Suppose -5*b = 5, y*u - b = 7*u - 1704. Is u composite?
True
Let y be 7/(-6)*-86*3. Suppose -6*g + 12*g - 264 = 0. Suppose y - g = j. Is j a composite number?
False
Let y(v) = v**2 + 18*v + 7. Let i be y(-17). Is (2 - 543)*i/((-60)/(-18)) composite?
True
Let m(v) = v**3 - 7*v**2 + 4*v + 8. Let l be m(7). Let z = l - 31. Suppose -45 = -4*c - z. Is c a prime number?
False
Let l be (2 - -84)/(4/(-78)*3). Let k = 981 + l. Suppose -4*i + 4*d + 5026 - k = 0, 0 = -2*d. Is i composite?
False
Suppose -l = 13*l - 5110. Suppose 5*s + 2611 - 23486 = 0. Suppose -6*t - l = -s. Is t composite?
True
Let v be 2713*(0 + 1 + (-1)/(-1)). Let y = -1743 + v. Is y composite?
True
Let f(u) = 0 + 23*u - 4 - 45 - 1. Let l be f(8). Suppose 2*g - l = -64. Is g a composite number?
True
Let w(f) = -f**2 + 8*f - 5. Let u be w(7). Let a(j) = 0*j + 1069*j**2 + 201 - u*j - 203. Is a(-1) composite?
False
Suppose 98*x + 29562 = 96*x. Is x/26*10/(-3) a composite number?
True
Let o(n) be the second derivative of 215*n**4/12 + 2*n**3/3 - 9*n**2/2 + 24*n. Let m be o(2). Suppose -34*g = -33*g - m. Is g a composite number?
False
Suppose 6*i = 7 + 23. Let x(n) = 149*n**2 - 15*n + 9. Is x(i) a prime number?
True
Let j(w) = 5*w**2 - 19*w - 11. Let d be ((-1)/((-3)/(-12)*2))/(-2). Let u = -14 + d. Is j(u) a composite number?
True
Let z = 124 + -75. Suppose -v - z = -8*v. Suppose 6*q = v*q - 481. Is q composite?
True
Let l(s) = 96*s**2 + s. Let w be l(4). Suppose 3*g = 4*g - r + 314, 5*g = -r - w. Let a = g - -464. Is a a composite number?
True
Let l(n) = 6*n**3 + n**2 + n + 1. Suppose -3*h + 12 = 0, q - h + 7 = 1. Let d be l(q). Is (-8032)/(-60) + 5 - 6/d prime?
True
Let u(x) = 12*x**3 + 12*x**2 - 22*x - 3. Let n = -470 - -477. Is u(n) prime?
True
Suppose 4*b + 4*z - 137592 = 0, 0 = -b + 1821*z - 1820*z + 34388. Is b a prime number?
False
Suppose 10*i - 3007 = -397. Suppose -269009 = -274*x + i*x. Is x composite?
False
Suppose 2*z - 262 = -14. Let b(x) = -z*x + 51*x + 29 + 7*x. Is b(-12) a prime number?
True
Is 24/(-36) - (-189869)/3 a prime number?
False
Let f be (2*((-30)/12 - -2))/1. Is (-417)/(1*((-6)/3 - f)) prime?
False
Let f(o) = 3443*o - 263. Let c be f(23). Suppose 43*a - c = -12663. Is a a prime number?
False
Let n(t) = -14*t**2 + 14*t - 13. Let y be (-2 + 19)/(-1 + (1 - -1)). Let m be n(y). Is 2 - m - (-2 - -4) a prime number?
True
Suppose -85391 - 113714 = -5*m. Suppose -m = -2*t + 7781. Is t a prime number?
True
Suppose 3*p - 622845 = 2*z, -1038083 = -5*p + 36*z - 34*z. Is p composite?
False
Suppose -5*m = -s + 140, 3*m = -4*s + 5*s - 132. Let a be (-2)/5 - (-226968)/s. Suppose 2*w - a = 1195. Is w prime?
True
Let p = 69 + -72. Let i be (6 + p)/1 + 4984/4. Suppose 998 = 7*w - 3*w - 2*y, -i = -5*w + 2*y. Is w composite?
False
Suppose -3*j - 5*u = -5*j - 3960, 5*u = -10. Let d = j - -3346. Is d a prime number?
True
Let z be (-53883)/18 - 5/2. Let h = 599 - z. Is h a prime number?
False
Let v = 344 + 1796. Let c = 1519 + v. Is c prime?
True
Suppose -111 = 17*j - 26. Is (99*6 - j)/((-1)/(-5)) prime?
False
Let f(r) = -244*r**2 + r - 13. Let h be f(12). Let s = h + 21793. Is 1/(-3) - (s/18 - 4) prime?
False
Suppose -13 = 3*k - 4. Let l be 323/38 + (6/(-4))/k. Let t = 440 - l. Is t prime?
True
Let p = -390 + 320. Is (-44470)/p - (-14)/(-49) prime?
False
Suppose -4*r - 2 = 2*h, 0 = 5*r - 10*r + 5*h + 35. Suppose -k = 3*d - 30, -5*k + r*d + 110 = -3*d. Suppose k*c = 21*c + 39. Is c prime?
True
Is (6 + 1 - -666)*(0 - -11) a prime number?
False
Suppose -15*h + 17*h = -b + 623180, -b + 934767 = 3*h. Is h a composite number?
True
Suppose -3*t = 2*j - 952313, 14*j - 16*j + 952310 = 4*t. Is j a prime number?
False
Let c(m) = 437*m**2 + m - 149. Is c(-7) composite?
True
Let p(v) = 8968*v + 23. Let j be p(8). Let x = j + -47048. Is x a composite number?
True
Suppose -3*q - 2*q = 5*p - 40, 2*p = -5*q + 28. Suppose s = 3*z + 2*s - 20, z = s + q. Is 512/10 + z/(-30) a prime number?
False
Let n(m) = 45 + m**2 - 7*m - 2 + 9*m. Suppose a + 2*a - 5*a = 0. Is n(a) a composite number?
False
Let p(v) = -17*v**3 - 20*v**2 + 20*v - 297. Is p(-28) a prime number?
True
Let s be 2 - (-4 - -3) - 65. Let j = -45 - s. Suppose -2*x + 69 = -j. Is x a composite number?
False
Let j = 563 + -567. Is 3 - ((-17)/(102/13104) - j) prime?
False
Let h = -313 + 318. Let j(v) = 25*v - 121. Is j(h) composite?
True
Suppose 0 = 5*t + o - 3782015, 2*t - o - 1552451 = -39645. Is t a prime number?
True
Let v be (-6)/3 + -1*148/(-2). Suppose -11*x = -8*x - v. Suppose x + 1 = i. Is i a composite number?
True
Is (-11 - -24206) + 13 + -9 composite?
True
Suppose -13895 = -3*u - n, 50*n = 2*u + 55*n - 9246. Is u a prime number?
False
Suppose d + 3*g = 76751, -2*g = 76*d - 72*d - 306984. Is d composite?
